is the hundred millions digit of 1575577919?
5
What is the millions digit of 20072098?
0
What is the hundred thousands digit of 8616782560?
7
What is the hundred millions digit of 880328370?
8
What is the hundreds digit of 83132865?
8
What is the millions digit of 343397602?
3
What is the tens digit of 376835235?
3
What is the hundreds digit of 1778881851?
8
What is the thousands digit of 30139328?
9
What is the ten millions digit of 1340822249?
4
What is the hundreds digit of 131480542?
5
What is the millions digit of 55825030?
5
What is the ten millions digit of 68145075?
6
What is the tens digit of 106555555?
5
What is the units digit of 1010015977?
7
What is the ten millions digit of 550534117?
5
What is the ten millions digit of 234093858?
3
What is the ten millions digit of 3739206071?
3
What is the millions digit of 924591915?
4
What is the units digit of 2091843944?
4
What is the units digit of 132087667?
7
What is the millions digit of 31855995?
1
What is the ten thousands digit of 275646157?
4
What is the hundred thousands digit of 10325877?
3
What is the thousands digit of 128590167?
0
What is the thousands digit of 63649304?
9
What is the units digit of 47350050?
0
What is the thousands digit of 1047159415?
9
What is the tens digit of 131643052?
5
What is the ten millions digit of 151028829?
5
What is the units digit of 324488106?
6
What is the hundreds digit of 1675431006?
0
What is the tens digit of 2131668022?
2
What is the hundred thousands digit of 240936824?
9
What is the hundred millions digit of 121674338?
1
What is the tens digit of 50094852?
5
What is the hundred thousands digit of 70649962?
6
What is the units digit of 68937837?
7
What is the millions digit of 60545758?
0
What is the billions digit of 2835549465?
2
What is the ten thousands digit of 1820985421?
8
What is the millions digit of 8098027?
8
What is the thousands digit of 57298298?
8
What is the millions digit of 4406020097?
6
What is the units digit of 290639192?
2
What is the tens digit of 4310592991?
9
What is the units digit of 10165502?
2
What is the hundreds digit of 37482561?
5
What is the ten thousands digit of 12373079?
7
What is the billions digit of 1541059906?
1
What is the millions digit of 42664037?
2
What is the billions digit of 1157590823?
1
What is the hundreds digit of 368165207?
2
What is the units digit of 709266005?
5
What is the hundreds digit of 4890208782?
7
What is the hundreds digit of 1232404785?
7
What is the hundreds digit of 967191452?
4
What is the ten millions digit of 143978894?
4
What is the hundred millions digit of 131932243?
1
What is the tens digit of 1760490776?
7
What is the billions digit of 2109343406?
2
What is the ten millions digit of 233344802?
3
What is the millions digit of 49551961?
9
What is the thousands digit of 199866359?
6
What is the units digit of 66089680?
0
What is the thousands digit of 771793072?
3
What is the thousands digit of 21063804?
3
What is the units digit of 412146012?
2
What is the tens digit of 888605172?
7
What is the tens digit of 16283321?
2
What is the ten millions digit of 45548237?
4
What is the units digit of 67819796?
6
What is the ten millions digit of 109168765?
0
What is the hundreds digit of 9583332?
3
What is the hundred thousands digit of 193713572?
7
What is the tens digit of 386990956?
5
What is the hundred thousands digit of 2201100346?
1
What is the ten thousands digit of 541579818?
7
What is the tens digit of 331326211?
1
What is the millions digit of 406156577?
6
What is the millions digit of 964971973?
4
What is the billions digit of 1450340832?
1
What is the hundred millions digit of 873394087?
8
What is the ten thousands digit of 105347819?
4
What is the hundreds digit of 22952190?
1
What is the thousands digit of 1301438452?
8
What is the ten thousands digit of 38779145?
7
What is the hundreds digit of 2817561325?
3
What is the millions digit of 452590090?
2
What is the hundred thousands digit of 366488633?
4
What is the hundreds digit of 763342314?
3
What is the units digit of 134637434?
4
What is the tens digit of 54606677?
7
What is the billions digit of 1268109365?
1
What is the ten thousands digit of 6327396842?
9
What is the ten thousands digit of 16235743?
3
What is the units digit of 11708079?
9
What is the ten thousands digit of 691546901?
4
What is the ten thousands digit of 125234659?
3
What is the ten millions digit of 107951800?
0
What is the hundreds digit of 120817010?
0
What is the ten millions digit of 128670486?
2
What is the millions digit of 268846000?
8
What is the ten thousands digit of 66027694?
2
What is the ten thousands digit of 167502758?
0
What is the thousands digit of 2400858140?
8
What is the hundred thousands digit of 1147935360?
9
What is the thousands digit of 1289578920?
8
What is the hundred thousands digit of 88406620?
4
What is the hundred millions digit of 384655784?
3
What is the tens digit of 1525729489?
8
What is the ten millions digit of 500656291?
0
What is the millions digit of 19718082?
9
What is the ten thousands digit of 184732131?
3
What is the ten thousands digit of 23827560?
2
What is the ten thousands digit of 39392293?
9
What is the units digit of 561060940?
0
What is the ten millions digit of 1322079413?
2
What is the ten thousands digit of 693993829?
9
What is the ten thousands digit of 2924293576?
9
What is the tens digit of 335809966?
6
What is the units digit of 6384414?
4
What is the hundreds digit of 25787770?
7
What is the ten millions digit of 1139574304?
3
What is the units digit of 56651719?
9
What is the hundreds digit of 4415068913?
9
What is the thousands digit of 67544160?
4
What is the units digit of 252098432?
2
What is the hundreds digit of 16730193?
1
What is the hundred thousands digit of 20445597?
4
What is the hundred thousands digit of 113187673?
1
What is the millions digit of 457988480?
7
What is the tens digit of 515422626?
2
What is the ten millions digit of 47798122?
4
What is the thousands digit of 3952340539?
0
What is the thousands digit of 2591247410?
7
What is the hundreds digit of 775501820?
8
What is the thousands digit of 121411647?
1
What is the hundreds digit of 9147278?
2
What is the billions digit of 1882967031?
1
What is the millions digit of 9266112?
9
What is the tens digit of 3595505631?
3
What is the hundreds digit of 1145132738?
7
What is the ten thousands digit of 1885321324?
2
What is the hundred millions digit of 2188863966?
1
What is the hundred thousands digit of 50711992?
7
What is the ten millions digit of 203371684?
0
What is the thousands digit of 76964755?
4
What is the ten millions digit of 48654456?
4
What is the tens digit of 50512734?
3
What is the ten thousands digit of 283822844?
2
What is the millions digit of 93311070?
3
What is the ten thousands digit of 731526930?
2
What is the billions digit of 1905940784?
1
What is the hundreds digit of 47903735?
7
What is the millions digit of 232694291?
2
What is the thousands digit of 240737684?
7
What is the ten millions digit of 66123778?
6
What is the millions digit of 75353817?
5
What is the tens digit of 461838889?
8
What is the ten millions digit of 33658633?
3
What is the thousands digit of 24801975?
1
What is the ten millions digit of 1101631439?
0
What is the units digit of 108547327?
7
What is the tens digit of 251996443?
4
What is the hundred millions digit of 8070849737?
0
What is the millions digit of 906179752?
6
What is the thousands digit of 57047966?
7
What is the units digit of 456324204?
4
What is the hundred millions digit of 313170292?
3
What is the hundreds digit of 655575559?
5
What is the ten millions digit of 26187334?
2
What is the tens digit of 213805845?
4
What is the tens digit of 124638829?
2
What is the ten millions digit of 52319927?
5
What is the tens digit of 166461049?
4
What is the thousands digit of 83188006?
8
What is the hundred thousands digit of 184905856?
9
What is the thousands digit of 526387750?
7
What is the hundred thousands digit of 10758048?
7
What is the billions digit of 2436812310?
2
What is the ten millions digit of 6903935024?
0
What is the millions digit of 15294233?
5
What is the hundred millions digit of 308851882?
3
What is the millions digit of 33